{"id":368,"date":"2019-09-08T19:47:47","date_gmt":"2019-09-08T17:47:47","guid":{"rendered":"http:\/\/alexianeriou.fr\/?page_id=368"},"modified":"2020-01-13T12:37:10","modified_gmt":"2020-01-13T11:37:10","slug":"a-propos-de-moi-alexiane-riou","status":"publish","type":"page","link":"http:\/\/alexianeriou.fr\/?page_id=368","title":{"rendered":"En savoir plus sur moi&#8230;"},"content":{"rendered":"\n<h4 class=\"wp-block-heading\">Mon parcours :<\/h4>\n\n\n\n<p>En 2019, j\u2019ai obtenu le master 2 MEEF (M\u00e9tiers de l\u2019Enseignement, de l\u2019\u00c9ducation et de la Formation) 2nd degr\u00e9 arts plastiques et cr\u00e9\u00e9 ce site internet. Mon but est de mettre en partage avec les professeurs et futurs professeurs mes recherches et ma pratique d\u2019enseignement des arts plastiques.<\/p>\n\n\n\n<p>Ma m\u00e9thode consiste, tout en gardant les bases qui font le succ\u00e8s de l\u2019enseignement des arts plastiques en France, \u00e0 chercher \u00e0 approfondir et innover dans le domaine p\u00e9dagogique, voire d\u00e9couvrir des m\u00e9thodes p\u00e9dagogiques autres.<\/p>\n\n\n\n<p>Ayant voyag\u00e9 et v\u00e9cu dans des lieux fort diff\u00e9rents, j\u2019ai pu observer diff\u00e9rentes pratiques d\u2019enseignement (\u00e0 Dijon, Paris, Bordeaux, mais aussi en Bulgarie), ce qui, je crois, m\u2019a \u00e9galement permis d\u2019apprendre rapidement, \u00e0 m\u2019adapter dans des environnements inconnus et d\u2019\u00eatre flexible.<\/p>\n\n\n\n<p>Je reste anim\u00e9e par l\u2019id\u00e9e que la base de l\u2019enseignement est la confiance entre professeur-\u00e9l\u00e8ves-\u00e9tablissement, l\u2019amour de son m\u00e9tier, la diff\u00e9renciation, l\u2019\u00e9coute et la motivation, qui cr\u00e9ent une ambiance de travail optimale.<\/p>\n\n\n\n<p>Je m\u2019inspire, dans mes classes d\u2019arts plastiques, des exp\u00e9riences de chacun, des personnes ayant \u00e9crit sur la p\u00e9dagogie en g\u00e9n\u00e9ral et sur celle des arts plastiques, mais aussi des r\u00e9actions des \u00e9l\u00e8ves, n\u2019oubliant jamais que ce sont eux les sujets de l\u2019enseignement.<\/p>\n\n\n\n<h4 class=\"wp-block-heading\">Mon pass\u00e9 revisit\u00e9<\/h4>\n\n\n\n<p>Tout d\u2019abord, en 2005, mon p\u00e8re fut mut\u00e9&nbsp;en Bulgarie,&nbsp;pour des raisons professionnelles. J\u2019ai donc pass\u00e9 une ann\u00e9e scolaire au lyc\u00e9e fran\u00e7ais de Sofia.<\/p>\n\n\n\n<div class=\"wp-block-image\"><figure class=\"aligncenter\"><img data-recalc-dims=\"1\" loading=\"lazy\" decoding=\"async\" width=\"1024\" height=\"576\" src=\"https:\/\/i0.wp.com\/alexianeriou.fr\/wp-content\/uploads\/2019\/09\/ea8deb9aa39cf01dcec4603ed1c1e9f3.jpg?resize=1024%2C576\" alt=\"Ecole bulgare\" class=\"wp-image-374\" srcset=\"https:\/\/i0.wp.com\/alexianeriou.fr\/wp-content\/uploads\/2019\/09\/ea8deb9aa39cf01dcec4603ed1c1e9f3.jpg?resize=1024%2C576 1024w, https:\/\/i0.wp.com\/alexianeriou.fr\/wp-content\/uploads\/2019\/09\/ea8deb9aa39cf01dcec4603ed1c1e9f3.jpg?resize=300%2C169 300w, https:\/\/i0.wp.com\/alexianeriou.fr\/wp-content\/uploads\/2019\/09\/ea8deb9aa39cf01dcec4603ed1c1e9f3.jpg?resize=768%2C432 768w, https:\/\/i0.wp.com\/alexianeriou.fr\/wp-content\/uploads\/2019\/09\/ea8deb9aa39cf01dcec4603ed1c1e9f3.jpg?w=1067 1067w\" sizes=\"(max-width: 1024px) 100vw, 1024px\" \/><figcaption>Ecole bulgare<\/figcaption><\/figure><\/div>\n\n\n\n<p>Cette exp\u00e9rience m\u2019a fait prendre conscience que l\u2019enseignement est une valeur en soi, ind\u00e9pendamment du niveau \u00e9conomique et social des pays. Il implique des choix nationaux&nbsp; qui ne sont pas exclusivement \u00e9conomiques et financiers mais qui traduisent une force de conviction dans l\u2019avenir du pays au travers de la formation de sa jeunesse.<\/p>\n\n\n\n<p>J\u2019ai aussi d\u00e9couvert dans ce pays, sans beaucoup de ressources, une grande g\u00e9n\u00e9rosit\u00e9 et une solidarit\u00e9 entre les \u00eatres humains et&nbsp;un go\u00fbt marqu\u00e9 et profond\u00e9ment sinc\u00e8re pour la nature, animaux, v\u00e9g\u00e9taux et min\u00e9raux. &nbsp;<\/p>\n\n\n\n<p>J\u2019ai \u00e9galement pu observer une autre mani\u00e8re d\u2019enseigner et de travailler avec les \u00e9l\u00e8ves, que ce soit en arts plastiques ou dans les autres disciplines. Cela m\u2019a permis de mieux apprendre \u00e0 travailler en groupe, \u00e0 communiquer, \u00e0 partager mes exp\u00e9riences et mes ressources. Mais, aussi, d\u2019avoir une m\u00e9thode de travail bien diff\u00e9rente qu\u2019en France, comme de travailler le matin \u00e0 l\u2019\u00e9cole et de consacrer l\u2019apr\u00e8s-midi au travail personnel, ce qui, selon moi, favorise l\u2019autonomie.<\/p>\n\n\n\n<div class=\"wp-block-image\"><figure class=\"aligncenter\"><img data-recalc-dims=\"1\" loading=\"lazy\" decoding=\"async\" width=\"850\" height=\"478\" src=\"https:\/\/i0.wp.com\/alexianeriou.fr\/wp-content\/uploads\/2019\/09\/f87ee982e2996f6b049f04fb5ebe1869.jpg?resize=850%2C478\" alt=\"Ecole Bulgare\" class=\"wp-image-376\" srcset=\"https:\/\/i0.wp.com\/alexianeriou.fr\/wp-content\/uploads\/2019\/09\/f87ee982e2996f6b049f04fb5ebe1869.jpg?w=850 850w, https:\/\/i0.wp.com\/alexianeriou.fr\/wp-content\/uploads\/2019\/09\/f87ee982e2996f6b049f04fb5ebe1869.jpg?resize=300%2C169 300w, https:\/\/i0.wp.com\/alexianeriou.fr\/wp-content\/uploads\/2019\/09\/f87ee982e2996f6b049f04fb5ebe1869.jpg?resize=768%2C432 768w\" sizes=\"(max-width: 850px) 100vw, 850px\" \/><\/figure><\/div>\n\n\n\n<p>Je me suis \u00e9galement inspir\u00e9e des m\u00e9thodes d\u2019enseignement am\u00e9ricaines, comme par exemple la disposition de la classe d\u2019arts plastiques ou encore la mani\u00e8re d\u2019appr\u00e9hender les r\u00e9f\u00e9rences artistiques en classe.<\/p>\n\n\n\n<p>Ensuite,<\/p>\n\n\n\n<p>En 2013, j\u2019ai obtenu le baccalaur\u00e9at STD2A (Sciences et techniques du Design des Arts Appliqu\u00e9s).&nbsp;<\/p>\n\n\n\n<p>Durant ces trois ann\u00e9es pass\u00e9es au lyc\u00e9e Auguste Renoir \u00e0 Paris, j\u2019ai pu d\u00e9velopper mon sens de l\u2019autonomie en partageant mon temps entre mon travail dans l\u2019\u00e9tablissement scolaire et mon travail de pr\u00e9paration \u00e0 mon domicile.<\/p>\n\n\n\n<figure class=\"wp-block-image\"><img data-recalc-dims=\"1\" loading=\"lazy\" decoding=\"async\" width=\"1024\" height=\"682\" src=\"https:\/\/i0.wp.com\/alexianeriou.fr\/wp-content\/uploads\/2019\/09\/Lycee_Renoir.png?resize=1024%2C682\" alt=\"Lyc\u00e9e Auguste Renoir Paris\" class=\"wp-image-377\" srcset=\"https:\/\/i0.wp.com\/alexianeriou.fr\/wp-content\/uploads\/2019\/09\/Lycee_Renoir.png?w=1024 1024w, https:\/\/i0.wp.com\/alexianeriou.fr\/wp-content\/uploads\/2019\/09\/Lycee_Renoir.png?resize=300%2C200 300w, https:\/\/i0.wp.com\/alexianeriou.fr\/wp-content\/uploads\/2019\/09\/Lycee_Renoir.png?resize=768%2C512 768w\" sizes=\"(max-width: 1024px) 100vw, 1024px\" \/><figcaption>Lyc\u00e9e Auguste Renoir Paris<\/figcaption><\/figure>\n\n\n\n<p>A cette \u00e9poque-l\u00e0, le fait d\u2019avoir \u00e9t\u00e9 \u00e9lue au CVL (Conseil de la Vie Lyc\u00e9enne), m\u2019a permis de m\u2019impliquer davantage dans mon \u00e9tablissement scolaire.<\/p>\n\n\n\n<p>J\u2019ai d\u00fb apprendre \u00e0 d\u00e9battre, \u00e9changer, argumenter aupr\u00e8s des autres membres du CVL, notamment le chef d\u2019\u00e9tablissement et les parents d\u2019\u00e9l\u00e8ves, au soutien de valeurs et d\u00e9cisions visant l\u2019am\u00e9lioration du cadre scolaire.<\/p>\n\n\n\n<p>Puis,<\/p>\n\n\n\n<p>En 2016, J\u2019ai obtenu le DESRA (Dipl\u00f4me de l\u2019\u00c9cole Sup\u00e9rieure de R\u00e9alisation Audiovisuelle) bac +3.<\/p>\n\n\n\n<p>Cette \u00e9cole d\u2019audiovisuelle m\u2019a permis d\u2019appr\u00e9hender et de me sp\u00e9cialiser dans le num\u00e9rique.<\/p>\n\n\n\n<p>J\u2019y ai \u00e9galement appris la technique du storyboard (dessins pr\u00e9paratoires avant la r\u00e9alisation de vid\u00e9os, films, clips musicaux, publicit\u00e9s et autres). A l\u2019issue de cette scolarit\u00e9, j\u2019ai r\u00e9dig\u00e9 un m\u00e9moire &nbsp;sur \u00ab&nbsp;Le storyboard dans la publicit\u00e9 t\u00e9l\u00e9visuelle du point de vue des cr\u00e9atifs&nbsp;\u00bb.<\/p>\n\n\n\n<div class=\"wp-block-image\"><figure class=\"aligncenter\"><img data-recalc-dims=\"1\" loading=\"lazy\" decoding=\"async\" width=\"272\" height=\"425\" src=\"https:\/\/i0.wp.com\/alexianeriou.fr\/wp-content\/uploads\/2019\/09\/Capture-d\u2019e\u0301cran-2019-08-21-a\u0300-10.59.30.png?resize=272%2C425\" alt=\"Alexiane Riou, Storyboards, 2016, crayon a\u0300 papier sur feuille de canson blanche, format A4. Paris.\" class=\"wp-image-362\" srcset=\"https:\/\/i0.wp.com\/alexianeriou.fr\/wp-content\/uploads\/2019\/09\/Capture-d\u2019e\u0301cran-2019-08-21-a\u0300-10.59.30.png?w=272 272w, https:\/\/i0.wp.com\/alexianeriou.fr\/wp-content\/uploads\/2019\/09\/Capture-d\u2019e\u0301cran-2019-08-21-a\u0300-10.59.30.png?resize=192%2C300 192w\" sizes=\"(max-width: 272px) 100vw, 272px\" \/><figcaption>Alexiane Riou, Storyboards, 2016, crayon a\u0300 papier sur feuille de canson blanche, format A4. Paris.<\/figcaption><\/figure><\/div>\n\n\n\n<p>Une fois ces \u00e9tudes termin\u00e9es, je voulais exercer un m\u00e9tier dans un espace de travail de confiance et de motivation, o\u00f9 je pourrais donner vie \u00e0 mon savoir, transmettre, et aider la g\u00e9n\u00e9ration suivante dans leur d\u00e9veloppement personnel et professionnel.<\/p>\n\n\n\n<p>Je me suis donc, tout naturellement, dirig\u00e9e dans la formation pour devenir professeure d\u2019arts plastiques : le Master MEEF Arts plastiques.<\/p>\n\n\n\n<p>En 2018, j\u2019ai fait mon master 1 MEEF Arts plastiques, o\u00f9 j\u2019ai pu avoir une premi\u00e8re exp\u00e9rience en tant que professeure d\u2019arts plastiques au coll\u00e8ge Cassignol \u00e0 Bordeaux et j\u2019ai produit un m\u00e9moire sur \u00ab&nbsp;le storyboard en classe d\u2019arts plastiques&nbsp;\u00bb. Cette ann\u00e9e-l\u00e0, j\u2019ai \u00e9galement pass\u00e9 le Capes d\u2019Arts&nbsp;Plastiques&nbsp;pour lequel&nbsp;j\u2019ai \u00e9t\u00e9 admissible aux oraux.<\/p>\n\n\n\n<figure class=\"wp-block-image\"><img data-recalc-dims=\"1\" loading=\"lazy\" decoding=\"async\" width=\"1024\" height=\"512\" src=\"https:\/\/i0.wp.com\/alexianeriou.fr\/wp-content\/uploads\/2019\/09\/20180115_144237_HDR.jpg?resize=1024%2C512\" alt=\"Coll\u00e8ge Cassignol Bordeaux 2018\" class=\"wp-image-369\" srcset=\"https:\/\/i0.wp.com\/alexianeriou.fr\/wp-content\/uploads\/2019\/09\/20180115_144237_HDR.jpg?resize=1024%2C512 1024w, https:\/\/i0.wp.com\/alexianeriou.fr\/wp-content\/uploads\/2019\/09\/20180115_144237_HDR.jpg?resize=300%2C150 300w, https:\/\/i0.wp.com\/alexianeriou.fr\/wp-content\/uploads\/2019\/09\/20180115_144237_HDR.jpg?resize=768%2C384 768w, https:\/\/i0.wp.com\/alexianeriou.fr\/wp-content\/uploads\/2019\/09\/20180115_144237_HDR.jpg?w=2400 2400w, https:\/\/i0.wp.com\/alexianeriou.fr\/wp-content\/uploads\/2019\/09\/20180115_144237_HDR.jpg?w=3600 3600w\" sizes=\"(max-width: 1024px) 100vw, 1024px\" \/><figcaption>Coll\u00e8ge Cassignol Bordeaux 2018<\/figcaption><\/figure>\n\n\n\n<p>Puis,<\/p>\n\n\n\n<p>En 2019, &nbsp;j\u2019ai fait mon master 2 MEEF Arts plastiques, avec des stages au lyc\u00e9e Magendie \u00e0 Bordeaux dans des classes de 1\u00e8res et de Terminales. Mon m\u00e9moire de master 2 a port\u00e9 sur \u00abLa classe num\u00e9rique : Comment s\u2019int\u00e8gre le num\u00e9rique dans la classe d\u2019arts plastiques ; les technologies et supports du num\u00e9rique, les nouvelles postures, les nouvelles temporalit\u00e9s de travail et les nouvelles mani\u00e8res de diffuser les travaux au lyc\u00e9e ?&nbsp;\u00bb, &nbsp;travaill\u00e9 \u00e0 partir des exp\u00e9riences faites en classe, des lectures \u00ab&nbsp;savantes&nbsp;\u00bb et des interviews.&nbsp;<\/p>\n\n\n\n<figure class=\"wp-block-image\"><img data-recalc-dims=\"1\" loading=\"lazy\" decoding=\"async\" width=\"768\" height=\"1024\" src=\"https:\/\/i0.wp.com\/alexianeriou.fr\/wp-content\/uploads\/2019\/09\/20181128_162845.jpg?resize=768%2C1024\" alt=\"Lyc\u00e9e Magendie \u00e0 Bordeaux 2019\" class=\"wp-image-370\" srcset=\"https:\/\/i0.wp.com\/alexianeriou.fr\/wp-content\/uploads\/2019\/09\/20181128_162845.jpg?resize=768%2C1024 768w, https:\/\/i0.wp.com\/alexianeriou.fr\/wp-content\/uploads\/2019\/09\/20181128_162845.jpg?resize=225%2C300 225w, https:\/\/i0.wp.com\/alexianeriou.fr\/wp-content\/uploads\/2019\/09\/20181128_162845.jpg?w=2400 2400w\" sizes=\"(max-width: 768px) 100vw, 768px\" \/><figcaption>Lyc\u00e9e Magendie \u00e0 Bordeaux 2019<\/figcaption><\/figure>\n\n\n\n<p>Mes m\u00e9moires sont tous disponibles dans la cat\u00e9gorie M\u00e9moire de ce site internet.<\/p>\n\n\n\n<h4 class=\"wp-block-heading\">Actuellement, <\/h4>\n\n\n\n<p>j&#8217;enseigne en tant que professeure d\u2019arts plastiques et arts appliqu\u00e9s \u00e0 One School Global Europe Campus Paris, o\u00f9 j\u2019enseigne \u00e0 toutes les classes du CE2 \u00e0 la Terminale, ce qui me permet d\u2019appr\u00e9hender tous les cycles et l\u2019int\u00e9gralit\u00e9 de l\u2019apprentissage des arts plastiques et arts appliqu\u00e9s par les \u00e9l\u00e8ves.<\/p>\n\n\n\n<h4 class=\"wp-block-heading\">Ecole publique et priv\u00e9e :<\/h4>\n\n\n\n<p>Le fait d\u2019avoir suivi une scolarit\u00e9 dans des \u00e9coles publiques et priv\u00e9es m\u2019a permis d\u2019avoir un champ et une ouverture p\u00e9dagogiques, ( primaire publique et priv\u00e9e, coll\u00e8ge priv\u00e9, lyc\u00e9e public, \u00e9cole d\u2019audiovisuelle priv\u00e9e, master public).<\/p>\n\n\n\n<h4 class=\"wp-block-heading\">Mes centres d\u2019int\u00e9r\u00eat :<\/h4>\n\n\n\n<p>J\u2019ai d\u2019abord un int\u00e9r\u00eat particulier pour les arts plastiques, que je n\u2019ai jamais cess\u00e9 de pratiquer chez moi&nbsp;; non seulement, j\u2019ai test\u00e9 toutes les s\u00e9quences, propos\u00e9es aux \u00e9l\u00e8ves et mises en ligne sur ce site, mais \u00e9galement, j\u2019ai r\u00e9alis\u00e9 des productions plus personnelles, du format bidimensionnel au format tridimensionnelle.<\/p>\n\n\n\n<p>Vous trouverez certaines d\u2019entre-elles dans la rubrique \u00ab&nbsp;Mes productions personnelles&nbsp;\u00bb.<\/p>\n\n\n\n<p>Pour toutes questions, commentaires, prise de rendez-vous, autres, vous pouvez me contacter via le site internet.<\/p>\n<!-- AddThis Advanced Settings generic via filter on the_content -->","protected":false},"excerpt":{"rendered":"<p>En savoir plus sur moi&#8230;<br \/>\nMon parcours, mon pass\u00e9, mes centres d&#8217;int\u00e9r\u00eat.<!-- AddThis Advanced Settings generic via filter on get_the_excerpt --><\/p>\n","protected":false},"author":2,"featured_media":381,"parent":0,"menu_order":0,"comment_status":"closed","ping_status":"closed","template":"","meta":{"advgb_blocks_editor_width":"","advgb_blocks_columns_visual_guide":"","footnotes":""},"jetpack_sharing_enabled":true,"coauthors":[],"author_meta":{"author_link":"http:\/\/alexianeriou.fr\/?author=2","display_name":"Alexiane Riou"},"relative_dates":{"created":"Posted 7 years ago","modified":"Updated 6 years ago"},"absolute_dates":{"created":"Posted on 8 September 2019","modified":"Updated on 13 January 2020"},"absolute_dates_time":{"created":"Posted on 8 September 2019 19 h 47 min","modified":"Updated on 13 January 2020 12 h 37 min"},"featured_img_caption":"","featured_img":"https:\/\/i0.wp.com\/alexianeriou.fr\/wp-content\/uploads\/2019\/09\/pexels-photo-2873603.jpg?resize=760%2C400","series_order":"","_links":{"self":[{"href":"http:\/\/alexianeriou.fr\/index.php?rest_route=\/wp\/v2\/pages\/368"}],"collection":[{"href":"http:\/\/alexianeriou.fr\/index.php?rest_route=\/wp\/v2\/pages"}],"about":[{"href":"http:\/\/alexianeriou.fr\/index.php?rest_route=\/wp\/v2\/types\/page"}],"author":[{"embeddable":true,"href":"http:\/\/alexianeriou.fr\/index.php?rest_route=\/wp\/v2\/users\/2"}],"replies":[{"embeddable":true,"href":"http:\/\/alexianeriou.fr\/index.php?rest_route=%2Fwp%2Fv2%2Fcomments&post=368"}],"version-history":[{"count":5,"href":"http:\/\/alexianeriou.fr\/index.php?rest_route=\/wp\/v2\/pages\/368\/revisions"}],"predecessor-version":[{"id":384,"href":"http:\/\/alexianeriou.fr\/index.php?rest_route=\/wp\/v2\/pages\/368\/revisions\/384"}],"wp:featuredmedia":[{"embeddable":true,"href":"http:\/\/alexianeriou.fr\/index.php?rest_route=\/wp\/v2\/media\/381"}],"wp:attachment":[{"href":"http:\/\/alexianeriou.fr\/index.php?rest_route=%2Fwp%2Fv2%2Fmedia&parent=368"}],"curies":[{"name":"wp","href":"https:\/\/api.w.org\/{rel}","templated":true}]}}